z.
2, 83
Let x(n) = 6*n**3 + 6*n**2 - 9*n - 5. Let v(g) = -5*g**3 - 5*g**2 + 8*g + 5. Let h(c) = 5*v(c) + 4*x(c). What are the prime factors of h(-5)?
5, 17
Let i = 32 - 20. Let w be 6/i + (-3802)/(-4). What are the prime factors of w/33 - 10/(-55)?
29
Let m(u) = 2*u**2 - u + 1. Let n = -10 + 7. Let p be m(n). Let o = p - 5. What are the prime factors of o?
17
Let g be 9*-2*3/(-6). Suppose -2*l - 10 = -3*a, 3*a + g = 5*l + 43. Let c = 12 + l. What are the prime factors of c?
2
Let y = 114 + -49. Let r = 42 + y. List the prime factors of r.
107
Let l(o) = -2*o**3 + o**2 - o. Let c be l(2). Let i = -12 - c. Suppose 5 = z + i*a - 44, -5*z = a - 218. List the prime factors of z.
43
Let t(n) = -4 - 13*n + 1 + 0 + 2. What are the prime factors of t(-1)?
2, 3
What are the prime factors of 7924/(-35)*(-10)/4?
2, 283
Suppose 152955 = -8*p + 63*p. What are the prime factors of p?
3, 103
List the prime factors of (5 - 6) + 2275 + -1.
2273
List the prime factors of (2115/60)/((-6)/(-104)).
13, 47
Let q be (15/(9/3))/((-2)/(-110)). What are the prime factors of (-5)/10 + 0 + q/2?
137
Suppose -30*z = -36247 - 21863. List the prime factors of z.
13, 149
Suppose -3*w + 4*w - 126 = 0. Suppose -w + 10 = -2*f. List the prime factors of f.
2, 29
Suppose -3*u = 1 - 16. Suppose -c - 65 - 281 = -u*p, -3*p - 5*c + 202 = 0. List the prime factors of p.
3, 23
Suppose -2*g + 435 = -3*r, -2*g - 2*r - 3*r = -411. List the prime factors of g.
3, 71
Let p(b) = -b**3 - 8*b**2 - b - 5. Let c be p(-8). Suppose 5*s - m = 1, -7*m + c*m = 3*s + 4. Suppose s*f = 5*f - 110. List the prime factors of f.
2, 11
Let b = 120 + -61. Let y = 222 - b. What are the prime factors of y?
163
Let i(t) = -4*t**3 - t**2 - 1. Let j be i(-1). Suppose 10 = -j*y + 56. What are the prime factors of y?
23
List the prime factors of (-1 - 0)/(5*3/(-34740)).
2, 3, 193
Suppose 2*a = 2*j + 5704, 3434 = 2*a + j - 2273. List the prime factors of a.
3, 317
Let b(v) = 15*v + 191. List the prime factors of b(16).
431
Let d(m) = m**3 - 2*m**2 - 3. Let v be d(5). Let u = 113 - v. List the prime factors of u.
41
Suppose 4*d = 5*f + 11235, 2*d + 3*f - 5696 = -73. Let q be (-4)/(-6) - d/(-15). Suppose 2*x = 2, 5*b - x = 2*b + q. List the prime factors of b.
3, 7
Suppose 5*c - 3*r + 14 + 85 = 0, -2*r = -3*c - 59. Let q = 40 + c. What are the prime factors of q?
19
Let m be ((-49)/28)/((-1)/4). Suppose -m*b = -5*b - 156. Suppose 0 = -2*w + 4*w - b. What are the prime factors of w?
3, 13
Suppose 3*x + v - 85 = 0, 4*v - 57 = -2*x + 3*v. Suppose 0 = -6*s - s + x. What are the prime factors of s?
2
Suppose -5*x - 15 = 4*p + 49, -2*x - 80 = 5*p. Let j = -36 - -28. Let w = j - p. What are the prime factors of w?
2
Let d = -10 + 17. Suppose 5*z - d*z = -78. List the prime factors of (-187)/(-5) + z/65.
2, 19
Let u(x) = -40*x - 5. Let i be u(-3). Suppose 6*o + i = 577. What are the prime factors of o?
7, 11
Let b(s) = -8*s + 19. Let a be b(9). Let m = a + 59. What are the prime factors of m?
2, 3
Suppose -6*f + 12 = -2*f. List the prime factors of 14 - 2/(-3)*f.
2
What are the prime factors of (1535 + 0 + 0)*1024/512?
2, 5, 307
Suppose 7*p = 10*p + 9. Let s = p - 6. List the prime factors of 63/(-14)*(-1 + s).
3, 5
Let y = -193 + 500. List the prime factors of y.
307
Suppose -2*d + s + 130 = -0*s, -s = -4*d + 258. Let l(w) = w**3 - w**2 + w - 30. Let t be l(0). Let a = t + d. What are the prime factors of a?
2, 17
Suppose 3*n = 2138 - 854. What are the prime factors of n?
2, 107
Let m be (-7 - -4 - -4) + 1. Let f = 5 - m. Suppose -152 = -l - f*l. List the prime factors of l.
2, 19
Let k(b) = 34*b**2 - 34*b + 309. List the prime factors of k(10).
3, 1123
Let g(f) = -2*f**3 + 4*f**2 + 6*f + 2. Let c be g(-2). Let w = 8 + c. List the prime factors of w.
2, 3, 5
Let j(a) = 2*a**3 - 4*a**2 - 5*a - 8. Let k be j(4). Suppose -3*w = 3*v - 144, -v + 18 + k = -5*w. What are the prime factors of v?
7
Let t be (-115)/(-2) + 1/2. Suppose y - 99 = -p, y + 5*p - 53 = t. What are the prime factors of y?
2, 3
Suppose 3*r - 9 = 6. Suppose 2*h - 106 = w, 2*h = 3*h + r*w - 64. What are the prime factors of h?
2, 3
Suppose 56*n - 321871 = -27871. What are the prime factors of n?
2, 3, 5, 7
Let c = -301 - -820. Suppose 0 = -6*u + c + 273. What are the prime factors of u?
2, 3, 11
Let o = 10 - 30. Let h = o + -4. List the prime factors of ((-15)/(-6))/((-2)/h).
2, 3, 5
Let m(r) = -r**3 + 9*r**2 - 8*r. Let p = -19 + 25. List the prime factors of m(p).
2, 3, 5
Suppose -2*k + 9 = -3*j - 14, 3*k - 2*j = 37. Suppose 3*u + 1 = k, 475 = 5*o - 5*u. List the prime factors of o.
3, 11
Let i be 1*458*1/2. Suppose 4*z - 3*p - 2*p = i, z - 2*p = 58. What are the prime factors of z?
2, 7
Let h(a) be the second derivative of -a**5/2 + a**4/4 + a**3/6 - a**2/2 + 28*a. What are the prime factors of h(-2)?
89
Let k(r) = r**3 + 14*r**2 + r + 14. Let x be k(-14). Suppose 5*d - 282 = -3*f + 331, x = f - 3*d - 181. What are the prime factors of f?
2, 7
Let j(g) be the first derivative of 7*g**4/6 - g**3/3 + g**2/2 + 4. Let h(x) be the second derivative of j(x). List the prime factors of h(1).
2, 13
List the prime factors of (-274122)/(-90) + (-5)/(-25).
2, 1523
Suppose j - 8 = -h, -3*j + 0*j = -4*h + 11. Suppose -2*s + 191 = j*s + 2*w, -5*w = -s + 49. List the prime factors of s.
3, 13
Let c be 5 + (-3 - -5 - 5). Let z = 2 + -2. Suppose z = c*p + p - 5*u - 91, 0 = -4*p + 3*u + 114. What are the prime factors of p?
3
List the prime factors of 2/(1004/(-201) - -5).
2, 3, 67
Let t(u) = 4*u**2 + 3*u - 2. Let i(f) = 3*f**2 + 4*f - 1. Let h(r) = -4*i(r) + 5*t(r). What are the prime factors of h(-3)?
3, 23
Suppose -5*q = w + 160, 2*w + 165 = -3*q - 2*q. Let c = q + 34. Suppose 4 + 0 = -l, -p - c*l = -30. List the prime factors of p.
2, 3, 7
Suppose 0 = -11*i + 17928 + 3258. What are the prime factors of i?
2, 3, 107
Let s be 3/((-6)/4) - 4. Let y(r) = r**2 + 3*r - 9. Let x be y(s). Suppose t - 36 = -x. What are the prime factors of t?
3
Let g(v) = 6*v - 2. Suppose -6*p = -5*p + 4. Let k(w) = -7*w + 1. Let d(s) = p*g(s) - 3*k(s). What are the prime factors of d(-5)?
2, 5
Let f be 0*1/(-2)*1. Suppose -3*k + 4*k + 3*v - 42 = f, -5*v = k - 34. List the prime factors of k.
2, 3
Let p be (-9 - 2/(-1))*1. Let t = p + 11. List the prime factors of t.
2
Suppose 0 = 5*s + 4*h - 61, -3*h + 0 + 12 = 0. Let r be (s/6)/((-5)/20). What are the prime factors of r*2/(1 + -3)?
2, 3
Suppose 26*c - 21*c - 485 = 0. Suppose -5*s = -98 - c. What are the prime factors of s?
3, 13
Suppose -3*b + 9503 = 380. List the prime factors of b.
3041
Let x be 2/8 + 4/((-80)/(-135)). Suppose x*o + g = 2*o + 356, 0 = -4*o - 4*g + 272. List the prime factors of o.
2, 3
Let x be (10/(-100)*16)/(2/(-5)). Suppose -3*j + 7 = -11. Suppose -x*m + 4*z + 114 = -z, -j = 3*z. List the prime factors of m.
2, 13
Let c(v) = v**2 + 10. Let b be 2*(-2)/4*0. Let d be c(b). Suppose -23 = -f + d. What are the prime factors of f?
3, 11
Let t(z) = -3*z**3 - 8*z**2 + 48*z + 301. List the prime factors of t(-8).
941
Let v(n) = 5*n + 35. Let h(g) = -4*g - 36. Let t(f) = -6*h(f) - 5*v(f). List the prime factors of t(-6).
47
Suppose -10 = 5*f - 35. Suppose 3*x = 3*y - 36, 0*y = -4*y - f*x + 57. What are the prime factors of y?
13
Suppose h + 0*h = 2. Suppose h*j - 7*j + 35 = 0. Suppose -2*l + 21 = 3*o, 54 = -2*o + j*o - 3*l. List the prime factors of o.
3
Suppose 3 - 1 = 2*u. Let v be u*22*(-6)/(-12). Suppose 3*m = 52 + v. What are the prime factors of m?
3, 7
Let b(v) = 30*v**2 + 19*v - 35. What are the prime factors of b(-8)?
1733
Suppose -4*o - 1 = -3*o, -6 = l + 5*o. Let y be (2/(-4))/(l/(-12)). What are the prime factors of (-63)/(-6) + y/4?
3
Let x = -92 + 162. Suppose -3*k + 35 = 2*u - 8*k, -5*u - 5*k + x = 0. List the prime factors of u.
3, 5
Suppose 0*n + 3*n - 63 = 0. Let y = 129 - n. What are the prime factors of y?
2, 3
Let o be 116/5 + (-8)/(-10). Suppose i = o + 16. List the prime factors of i.
2, 5
Let j(c) = 22*c - 98. What are the prime factors of j(26)?
2, 3, 79
Suppose 5*q - 1 = 14. Suppose -q*u + 247 + 164 = 0. What are the prime factors of u?
137
Suppose 7*r - 6*r - 43 = -2*w, 5*w = r + 90. List the prime factors of w.
19
Let m be 2/(-14) + 1152/28. Let l(y) = y**3 + 7*y**2 - 5*y. Let h be l(-6). Let q = h - m. Wh